- 1 + o - j. Determine i(3).
-4
Let i(j) = -j**3 - 17*j**2 - 17*j - 21. Let t be 1188/693*(-28)/3. Calculate i(t).
-5
Let o(j) = -3*j - 22. Suppose 10*l = 36*l - 4160. Suppose -6*x - l + 118 = 0. Calculate o(x).
-1
Let c(m) be the second derivative of -1/20*m**5 + 0 + 3/4*m**4 - 2*m**3 - 9/2*m**2 - 25*m. Let i be c(7). Let l(t) = -t + 12. Give l(i).
7
Let q(l) be the second derivative of -1/2*l**3 - 10*l + 0*l**2 - 1/60*l**5 + 0 - 3/8*l**4. Let x(r) be the second derivative of q(r). Determine x(-6).
3
Let s = -3 + -1. Let h(j) = 149*j**3 - 21*j**2 + 26*j - 7. Let d(w) = -33*w**3 + 5*w**2 - 6*w + 1. Let z(x) = -9*d(x) - 2*h(x). Give z(s).
13
Let r(a) = -2*a**2 + 3*a + 10. Suppose -75*y - 4*h = -80*y + 24, -y + 4*h + 8 = 0. Give r(y).
-10
Let m(h) = -13*h**2 - h - 61. Let f(n) = -2*n**2 - 1. Let k(d) = -3*d - 120. Let w be k(-38). Let v(l) = w*f(l) + m(l). Calculate v(0).
-55
Let t = -37 - -34. Let f = -1 - t. Let p(o) = -o**3 - 30*o**f + 64*o**2 - 10 - o - 33*o**2. Give p(0).
-10
Let k(l) = -30 - 834*l + 46 - l**2 + 860*l. Give k(26).
16
Let u(n) = -37 - 4*n + 16*n - 2*n**2 - 13*n - 11*n - 9*n**2 - n**3. Give u(-10).
-17
Let b = -252 + 253. Let v(a) = -a**2 + 2*a + 1. Let r(g) = -3*g**2 + 6*g - 4. Let z(n) = b*r(n) - 2*v(n). Give z(4).
-14
Let u = -29 - -41. Let r = u - 9. Let i(b) = -4 - 36*b + 39*b + 4*b**2 - 5*b**2. What is i(r)?
-4
Suppose 210190*b = 210184*b - 24. Let w(z) = z**3 + 9*z**2 + 16*z - 4. Give w(b).
12
Let a(g) be the third derivative of 0 - 8*g**2 - 2*g - 1/60*g**5 - 1/3*g**3 + 1/24*g**4. Determine a(4).
-14
Let s(n) = 5*n**2 - 2*n**2 - 32*n - 2 + 31*n. Let y be s(-1). Let w(j) be the second derivative of j**5/10 - j**4/6 + j**3/6 + j**2 + j. Calculate w(y).
12
Let k(x) = 2*x**3 + 5*x**2 - x**3 - 2573416 - 11*x + 2573412. What is k(-8)?
-108
Let b(q) = -85*q + 96. Let k be b(-15). Let w(n) = -2748*n + 1375*n + 13 + k*n. Give w(6).
1
Let h(o) = 2*o**2 - o - 15. Suppose -3*p - 5*q - 9 = 0, 5*p - 6*p = 3*q + 3. Calculate h(p).
6
Let r(q) = 18*q - 3. Let w be r(2). Suppose -j - 4*k + 10 + 11 = 0, -4*j + k = -w. Let s(t) = 1 + j*t**2 + 0*t + t + 4*t - 7*t**2. What is s(-4)?
13
Let g be (4/6)/(6/27). Let p(t) = t**2 + 0*t**2 + 2*t**2 + t - 2 + g. Suppose -5*v - 12*r = -10*r + 21, 0 = -2*v - 4*r - 18. Determine p(v).
25
Suppose 0 = -208*u + 239*u + 279. Let v(j) = 20*j**2 + 180*j - 5. Determine v(u).
-5
Let o(t) = -8*t**2 + 5 - 5*t + t**3 - 2*t**3 - 1. Let x be 0 + (14*4/(-24))/((-2)/(-6)). Determine o(x).
-10
Let b(y) = -3*y + 0 + 8 + 16 + 4 - 3. What is b(13)?
-14
Let t(v) = 3*v + 8. Let g be t(-1). Let h(y) = -g*y + 0*y**2 - 5 + 2*y + y**2 - 2*y. Calculate h(8).
19
Let i(k) = 5*k**3 - 11*k**2 - 22*k + 16. Let h(a) = -14*a**3 + 32*a**2 + 65*a - 39. Let q(c) = 4*h(c) + 11*i(c). Calculate q(9).
20
Let p be (-28)/154*(-7 - 26). Let j(b) = b**3 - 3*b**2 - 17*b - 3. What is j(p)?
3
Suppose -224 = -12*t + 20*t. Let d be (4/5)/(t/(-210)). Let x(q) = -2*q + 6. Determine x(d).
-6
Let n(q) be the first derivative of q**4/4 - 5*q**3 - 17*q**2 + 308. Let r be n(17). Let c(v) = v**3 - v**2 - v + 2. Calculate c(r).
2
Let k(l) = l**2 + 1. Let j(u) = -u**3 - 10*u**2 - u - 10. Let g(y) = j(y) + 4*k(y). Suppose 113 = 2*d - 129. Suppose -22*n = d + 11. Calculate g(n).
0
Let k(j) be the third derivative of -j**4/24 - 2*j**3 - 4*j**2 + 60. What is k(-17)?
5
Let w(q) = -32*q - 173. Let j be w(-5). Let p(n) = -5*n - 42. Give p(j).
23
Let t(r) = -r**3 - r**2. Let g(z) = -3*z + 9. Let k be g(-7). Suppose 6 = -32*h + k*h. Determine t(h).
18
Let m(s) = -s + 6. Let j(k) = -k + 5. Let t(a) = -6*j(a) + 7*m(a). Let l(v) = 1. Let g(h) = l(h) + t(h). Let u be (-154)/(-21) - (-4)/6. Calculate g(u).
5
Let o(i) = 1067 - 19*i + 37*i - 1168. Determine o(5).
-11
Suppose 34*h - 25*h = 61 - 16. Let c(k) = -k**2 + 19*k - 75. Give c(h).
-5
Let a(k) = 8*k + 11*k + 14*k + 8*k - 15 - 45*k. What is a(-7)?
13
Let p be ((-15)/(-4) - 3) + (-2408)/(-32). Let m = p + -79. Let y be (63/(-18))/(2 + m/2). Let i(n) = n**3 + 7*n**2 + 5*n + 7. Determine i(y).
-28
Let p(i) = -56*i + 1567. Let f be p(28). Let x(y) = 18*y**3 - y**2 + 5*y + 6. What is x(f)?
-18
Let j(c) = 6*c**3 - c**2 + 2*c + 3. Let i(q) = 0*q**3 - q**2 + 3*q + 6 + 6*q**3 - 2. Let b(g) = -2*i(g) + 3*j(g). Determine b(1).
6
Let p(m) = m**3 + 8*m**2 - 13*m + 16. Let h = -2442 - -2432. Calculate p(h).
-54
Let r be ((-15)/(-9))/((-60)/216). Let c(n) = -n**2 - 6*n - 9. Determine c(r).
-9
Let u(c) = c**2 - c. Let z(q) = -2*q**2 + 31*q + 29. Let j(b) = -4*u(b) - z(b). What is j(-12)?
7
Let q(w) = -7*w - 353. Suppose -1433 = 50*s + 1117. Calculate q(s).
4
Let m(g) = -16*g**2 + 6*g**2 + 6*g**2 + 2*g**2 + 63*g + 27 + 6. Give m(32).
1
Let a(v) = 5*v + 6*v**2 - 3 - 10*v**2 + 3*v**2. Suppose -13 = -4*r + 3*l, -3*l + 41 = 3*r + 5. Give a(r).
-17
Let w(s) = 180 - 118 + 135 + 45*s - 17*s. Give w(-7).
1
Let k(v) be the second derivative of v**5/20 - 7*v**4/4 + 35*v**3/6 + 19*v**2 + 15145*v. Determine k(19).
-19
Let w(h) = -h - 1. Let i(t) = -40*t + 642. Let o be i(16). Calculate w(o).
-3
Let x(r) = -4*r**2 - 12*r + 2. Let d(w) = 5*w**2 + 13*w - 4. Let o(l) = -3*d(l) - 4*x(l). Suppose -4*n - p - 47 + 20 = 0, -4*n - 17 = 3*p. Give o(n).
-4
Suppose 5*z + 3*m + 29 = 0, 13*z - 4*m = 9*z - 36. Let n be 2/z - (12/(-42) + -12). Let f(b) = -b**3 + 12*b**2 + b - 11. What is f(n)?
1
Let w(f) = 253*f - 3. Let m(a) = 131*a - 2. Let u(s) = 11*m(s) - 6*w(s). Calculate u(-1).
73
Let t(u) be the first derivative of u**2/2 - 3*u - 492. Calculate t(1).
-2
Let h be (-15)/(-6) - 30/(-12). Let d(a) = 2*a**2 - 9*a + 10. Give d(h).
15
Let m(j) be the second derivative of -j**4/4 + 2*j**3/3 + 3*j**2/2 + 10*j. Suppose 3*i - 9 = 0, 3*i = h - 3 + 14. What is m(h)?
-17
Let u(z) = -7 + 2 - z + 3*z - 16. Let n = 1790 - 1776. Determine u(n).
7
Suppose -2*z + 17*i = 20*i - 483, -2*i = -5*z + 1198. Let l(v) = -11 + 3 - 1 - 7*v**2 + v**3 + 242*v - z*v + 0*v**3. Determine l(7).
5
Let f(z) be the third derivative of -z**6/120 + 2*z**5/15 - 3*z**4/8 - 7*z**3/6 - 33026*z**2 + 2. Let n(a) = 2*a**2 - 2. Let o be n(2). Determine f(o).
11
Let x(m) = -m**2 - 6*m. Let s(d) = -d**2 - 7*d + 2. Let f(l) = l**3 - 11*l**2 - 42*l + 5. Let y be f(14). Let a(k) = y*s(k) - 6*x(k). What is a(0)?
10
Let v(s) be the third derivative of 46 + 0*s**4 - 1/6*s**3 - 1/10*s**5 + 0*s + 3*s**2. Determine v(-1).
-7
Let a = 12 - 18. Let j(m) = 7 - m**2 - 2*m**3 + 7*m - 4*m + 0*m**3 + 4. Let k(f) = -f**3 - f**2 + 2*f + 5. Let r(y) = -4*j(y) + 9*k(y). Give r(a).
1
Let n be (8 + -3 - 406/28)/((-2)/(-4)). Let t(i) = -i**2 - 16*i + 56. Calculate t(n).
-1
Let x = -2248 + 2256. Let g(m) = 2*m - m**3 + 8*m**2 - 1 + 4*m - 5*m. Let z be g(x). Let u(c) = -c + 13. Determine u(z).
6
Let c(k) = 2*k**2 - 15*k. Let r be c(8). Let l(n) be the third derivative of n**6/120 - 7*n**5/60 - n**4/4 + 5*n**3/3 - 80*n**2. Give l(r).
26
Let l(h) = -h**2 + 26*h + 19. Suppose m + 162 = 6*f, -8 = 5*f - 4*m - 162. What is l(f)?
19
Let b(j) = -2*j + 10. Let s be b(0). Let c be 415/s + 3/(-6). Let k(x) = -c*x**2 + 4 - 1 + 37*x**2 + x**3 - 7*x. What is k(5)?
-7
Let x(t) = 84*t**3 - 3*t**2 + 2. Let o be x(1). Let s(d) = 2*d + 89 + o + 84 - 245. Calculate s(-8).
-5
Let j(s) be the first derivative of -7*s + 197 - 5/2*s**2. Calculate j(-2).
3
Let b(k) = -29*k - 27. Let v(x) = -179*x - 166. Let i(p) = -37*b(p) + 6*v(p). Give i(-2).
5
Let c(p) = 4*p - 4. Let q(u) = 7*u - 11. Let g(s) = -5*c(s) + 3*q(s). Suppose t = -4*t + 35. Calculate g(t).
-6
Let t(f) = -2*f**2 + 7*f - 5. Suppose -h + 10 + 19 = 2*k, 2*k - 10 = 0. Let w = 104 + -101. Suppose z - 7 = -2*u, 0 = -5*u - w*z + z + h. Determine t(u).
-20
Let q(j) = 2*j - 27. Let d = -247 - -239. What is q(d)?
-43
Let h(j) = -j**2 - 11*j. Let i(k) = k**2 + 15*k. Let l(f) = f**2 - 24*f - 3. Let o be l(24). Let x(p) = o*i(p) - 4*h(p). Determine x(3).
6
Suppose -a + 4*p = -7, -5*a - 2*p + 51 = -6*p. Let f(d) = -d - 36 + 2*d + 14 + a + 13 - d**2. Give f(-2).
-4
Let s(j) be the first derivative of 22*j**3/3 + 7*j**2/2 + 10*j - 9034. Determine s(-2).
84
Let p = 6798 - 6791. Let k(d) = d**2 - 12*d + 30. Determine k(p).
-5
Let q(f) = 49*f - 11*f - 14*f - 19*f - 7*f - 2 - f**3. Calculate q(-1).
1
Let d(o) = o**3 - 4*o**2 - 3*o - 10. Let f be d(3). Let u(q) = -4*q - 92. What is u(f)?
20
Let v(l) be the seco